9
What is (-22 - -18) + -10 + 8 + -1 + 2?
-5
Evaluate (-5 - -13 - -18) + -13 - (1 - 1).
13
What is -16 - (-17 - -13) - -8?
-4
Calculate 1 + (13 - 7 - 21 - -7).
-7
What is the value of -21 + -4 + -24 + 40?
-9
What is (-8 - (34 - 18)) + (2 - (-3 + 2))?
-21
Evaluate (-4 - -2) + (0 + 43 - 30).
11
What is the value of 1 + -4 + -7 + -19 - (104 + -105)?
-28
Evaluate (-15 - 4) + 2 + -6 + 16.
-7
Calculate 1 - (20 + 11 + -19) - -23.
12
Evaluate 3 + (-15 + 21 + 2 - (-1 - -22)).
-10
What is (16 - 12) + 10 + -5 + 1?
10
Calculate 7 - (1 - 0 - (-54 - -36)).
-12
What is the value of -4 + -4 + (12 - (-11 + 21))?
-6
What is -9 + 19 - -5 - 26?
-11
What is the value of 3 + 13 + (-3 - (-3 - -9)) - 5?
2
What is the value of 0 + (6 + 1 - 3) + -2 + 0?
2
What is 13 - (2 - ((-2 - 2) + 8))?
15
What is (-9 - -3) + 3 + -4 + -3?
-10
What is the value of (-2 - 4) + 13 + -17 + 3 - -4?
-3
What is (-8 - (0 + 1)) + -20 + 24 + 25?
20
Calculate -29 - (29 + -30 + -28) - (21 - 0).
-21
Evaluate 3 + -2 + -4 + 9 + 1 + -3.
4
Calculate -2 + 34 + 12 + -28.
16
Calculate (9 - 1) + (3 - 7) + 10.
14
Evaluate -5 + 8 + -3 + 12.
12
What is -2 - -11 - (-3 - -7)?
5
Calculate 1 + -22 + 14 + -2 + (9 - 12).
-12
-6 - (-5 - -15 - (2 - -1))
-13
Calculate 20 + -27 + 11 + 7.
11
Calculate -21 + (-9 - (-9 + -11)).
-10
What is the value of (-3 - -40) + (-6 - (-8 + 12)) - 7?
20
Calculate 1 - ((13 - 22) + (0 - -5) - -13).
-8
Calculate (-5 + 3 - 3) + (-12 - -16) + 1.
0
Evaluate -1 - -3 - (-3 + -4 - -6) - 0.
3
6 + (-6 + 3 - (3 - 5)) + 21
26
Evaluate 2 + (7 - (-19 - -40)) - (-1 + 0).
-11
What is 8 + 7 + -10 + 13 + -20?
-2
What is 15 + -18 + (21 - 23)?
-5
What is the value of 8 - (15 + 6) - -21?
8
What is -1 - (-3 + 2 + -11 + 1)?
10
Evaluate (-30 - -34) + -12 - 7.
-15
Calculate -2 + 27 + -1 + 3.
27
What is the value of 97 - (57 - -2) - (12 + 0 + -2)?
28
What is the value of (7 - (13 - 5)) + 1 + (-11 - -3)?
-8
Calculate 19 + -33 + (1 - -2) + (0 - 9).
-20
What is the value of -1 + -4 + -1 + (30 - 14 - 14)?
-4
What is the value of (0 - -11) + -17 + -38 + 9 - -8?
-27
What is the value of 5 + 3 - -1 - (-143 - -125)?
27
24 + -29 + 11 - (-1 - 9)
16
Evaluate (-17 - -2) + 17 + (5 - -2) - -2.
11
Calculate (4 - (7 + (2 - 0) + 0)) + 16.
11
21 + 0 + (279 - 280)
20
What is the value of 6 - 1 - (0 + 8 + -7)?
4
What is 1 + -24 + (824 - 815)?
-14
What is 110 + -87 + -8 + 3 + -1?
17
Calculate -27 - -20 - (2 - -21) - -14.
-16
Calculate 5 + 1 + (1 - 13 - (-3 + 4)).
-7
Evaluate -28 + (-36 - (-6 - 41)).
-17
What is the value of 12 + 17 + -14 + -5?
10
What is the value of -20 - (-4 + (-3 - (-13 + 10)))?
-16
Evaluate 7 - (-13 - 0 - -46).
-26
Evaluate -3 + (-4 - -5) - (25 - 6 - 7).
-14
Calculate 12 - (-6 - -14) - (-10 - -19).
-5
-46 - (-38 - (11 + -25))
-22
Evaluate -12 + 4 - (-10 + 1) - -13.
14
Calculate -12 + 3 + -10 + (1 - -4).
-14
Calculate -1 + -26 - (38 + 23 + -65).
-23
(-2 - (5 - 8)) + 5 - 2 - 5
-1
Evaluate 20 + -4 + (-10 - (6 - 17)).
17
Evaluate -21 + (-7 - -24 - -2).
-2
(-31 + 4 - (-50 - -30)) + -1 + 6
-2
Calculate -10 + (6 - -2) + -9 + 28.
17
What is the value of -2 - (-20 + 14 + -5)?
9
0 + 0 + (4 - 7) + 27
24
Evaluate 5 - ((3 - -2) + -13 + 5).
8
Evaluate 13 + 5 - 8 - 6 - 5.
-1
What is (5 - 3) + (-6 - (-5 - (6 + -5)))?
2
(4 + -1 - (-97 - -124)) + 2 + -1
-23
-23 + 1 - (362 - 402)
18
What is the value of -6 + 14 - ((15 - -3) + 0)?
-10
What is the value of -12 + -3 - -5 - -17?
7
3 - (-7 - 0 - -1) - (-40 + 20)
29
Evaluate 1 + 13 - (-32 + 44 + 0).
2
What is -1 + 9 - (3 + (-9 - (-2 - 20)))?
-8
What is (-9 - (6 - 2)) + 9?
-4
(9 - 16 - 1) + 2 - (-12 - -8)
-2
Evaluate (2113 - 2104) + 1 + (0 + 0 - 0).
10
Evaluate -13 + -9 + (-36 - -31).
-27
Evaluate 2 + (15 - (-2 + 3 + (-7 - -11))).
12
Calculate (7 - (0 + 3)) + (-10 - (2 + -6)).
-2
What is 292 - 308 - (-29 + -2)?
15
-14 - ((-29 - -32) + (-2 - 3)) - -5
-7
Evaluate -4 - 15 - (4 - (18 + -6)).
-11
Evaluate (5 - -5) + (14 - 15) - 0.
9
What is 7 - (4 - 4) - (6 + (2 - 2))?
1
Evaluate -18 - -1 - (2721 + -2713).
-25
What is -5 + 0 + (20 + 1 - (-98 - -101))?
13
Calculate 11 - ((17 - (-3 + 6 + -8)) + -11).
0
What is the value of 0 + -1 - (-7 + (1 - -2)) - 4?
-1
What is the value of (-21 - (-14 - -1) - 2) + -14?
-24
-5 - (2 - (-4 + -1 - (-3 + 3)))
-12
2 + 13 + (13 - 24)
4
Evaluate (-18 - (0 - -1)) + (9 - 0).
-10
-2 - (-16 - (-19 - 4))
-9
57 + -14 + -23 + 15
35
(-2 - 4 - (-11 + 6)) + -1 + 0
-2
What is -1 + -5 - (-4 - (-3 - (5 - 16)))?
6
Calculate -33 + 0 + (-15 + -34 - -60).
-22
Evaluate -4 - (-3 + 12 + (4 - 10)) - -10.
3
What is 5 + (-1 - (-18 - -11)) + -16?
-5
Calculate 2629 + -2594 - (19 + (1 - 1)).
16
What is the value of -16 + 24 + -4 + (-34 - -5)?
-25
(-1 - 1) + (1 - -11 - 8)
2
What is the value of 1 + -2 + 9 - (6 + 29 + -28)?
1
What is -6 + -10 + 11 + -4 + 24?
15
What is -12 + 8 + (-21 - -32)?
7
24 - (-8 + 37 + -34)
29
Calculate -26 + (18 - 21) + 18.
-11
Calculate (-9 - -8) + 1 + 0 + 2.
2
What is the value of 22 + -11 + 1 - 1 - 16?
-5
Calculate -7 - (-2 - -3 - 16 - -1).
7
What is the value of 0 + (53 - 6) + -14?
33
What is -14 + 10 - (7 - 1) - -3?
-7
What is the value of -21 + (-8 - -22) + 21?
14
What is the value of -4 - -23 - (-24 - -38)?
5
What is (-1 - (-7 - -4)) + 7 + 0 + -12?
-3
What is -3 + (16 - 3) + -15 + 0?
-5
Calculate 4 + (-5 + 3 - -1) - (-203 + 207).
-1
What is the value of (35 - (13 + 13)) + 5?
14
Evaluate (8 - (-4 - -10) - 1) + 3.
4
What is the value of (5 - (-7 - -10) - 2) + -3 + 15?
12
Calculate -25 - (12 + -29) - (-3 + 14 - 3).
-16
What is -10 + (17 - 7) - 2 - -13?
11
Calculate 9 + (-10 - (-6 + 10 + 7 + -9)).
-3
Calculate (-7 - -14) + (-8 - -2) - (-7 + 1).
7
Evaluate -15 + 7 - -19 - 23.
-12
What is -395 + 376 + 1 + -1 + -6?
-25
Evaluate -36 - (8 + -22 + -4).
-18
-5 + 10 + -15 + (-5 - -3 - 1)
-13
Calculate (15 - 17 - 2) + -22 + (3 - -4).
-19
What is the value of 11 - 2 - (-2 + -5 + -5)?
21
Calculate (33 - 22 - -11) + -26.
-4
Calculate 50 + -8 + -23 + (-2 - 0) + -6.
11
What is the value of -7 + (-12 - -23) + (3 - -12)?
19
(-8 + 12 - -5) + 2 + -1 + -2
8
(2 - -14 - -2) + (-2 - (2 - -2))
12
Calculate -4 + 13 + (-4 + -2 - -10).
13
What is 15 + -15 + -1 + -14?
-15
35 - (15 - (1 - (3 - (7 + 0))))
25
What is the value of 16 + -1 + -4 + 2 + -57 + 54?
10
What is 7 - ((-6 - -4) + 2 + -5 + -1)?
13
Calculate (1 - 5) + 9 + -4 + -12.
-11
Calculate -2 + 0 + -5 + -15 - -8.
-14
What is 17 + (0 - -4) + (-6 - (-2 + 6))?
11
What is -3 + 0 + 7 - (20 - (-2 - -8))?
-10
3 - 0 - (8 - (-7 - -19))
7
What is the value of 2 - -2 - 1 - (183 + -193) - -5?
18
What is -1 - -5 - (4 + (0 - 0))?
0
Calculate -4 - (31 - 19) - -17.
1
-7 - (-4 + -15 + 16) - 26
-30
Evaluate -3 + -8 + 5 + 0 + -4 + 8.
-2
What is 14 + 3 + -14 + 3?
6
What is the value of (-10 - (-17 - -9) - 9) + 4?
-7
What is 43 - 43 - (-3 + (-1 - -1) + -1)?
4
What is -12 + (0 - (-9 + 7)) + 0 + -1?
-11
What is the value of -8 - (-21 + -19 + 17)?
15
Calculate 1 + -1 + 14 - (-3 - -5).
12
What is (-113 - -119 - (3 - -10)) + 0 + -7?
-14
-9 + 1 + -1 - (30 - 37) - 15
-17
Calculate 1 - 1 - (356 - 347).
-9
Calculate (0 - 4) + 0 + (2 - 10).
-12
What is (41 - 50) + 3 + 0?
-6
(1 - -8) + 0 + (45 - 13) + -24
17
What is the value of -10 + 2 + 0 + 8?
0
What is the value of 1 - (-14 - -33 - 8)?
-10
26 + -13 + (14 - 26)
1
Calculate 1 + -1 + (28 - (-1 + (14 - 2))).
17
14 - (-2 + -15 + 10)
21
Calculate (62 + -60 + (-5 - -1) - -1) + 1.
0
(11 + -6 - -2) + -4
3
What is -9 - (2 + -16 - -22)?
-17
What is (7 - -1) + (22 - 32)?
-2
Evaluate -9 - (-5 - -10 - 19 - -7).
-2
-6 - (0 + -5) - (8 + (8 - 20))
3
What is -17 + 5 + 9 - 10?
-13
What is -3 + 8 + -7 + (-20 - -16)?
-6
What is (95 + -104 - (-1 - -3)) + 39 + 4?
32
Calculate 797 + -783 - (24 + (1 - 2)).
-9
Evaluate -8 + (-4 - (-8 - 1) - -19).
16
(3 - 1) + 2 + (18 - 8) - -4
18
Evaluate (-24 - (-22 - -9)) + 6.
-5
What is the value of -4 - (-15 + -6 + 18)?
-1
28 + (14 - 8) + -16 + -1 + 11
28
Evaluate 13 - (18 + -1 + -12 + 22).
-14
Evaluate -2 - -1 - -2 - (11 + (-18 - 7)).
15
Evaluate 8 + (0 + 4 - (-6 - -14)) - 11.
-7
(26 - -1) + (-8 - (1 + 6 + -8))
20
Calculate (-6 - -14 - -27) + -20.
15
6 + -2 + -12 + 6 + 7 + 18
23
Evaluate (-1 + 6 - (-11 - -7)) + (15 - 22).
2
Evaluate -11 + 23 - (-19 + 24).
7
Evaluate 8 - -4 - (6 + (-20 - 1)).
27
Evaluate 3 + (-9 - -4) - (-29 + 2 + 9).
16
Calculate -2 + 10 - (-16 + 40 + -9).
-7
33 - 57 - (-15 - 2